1
List the prime factors of (402/(-5) + -4)/((-18)/630).
2, 7, 211
List the prime factors of (-4)/(-8)*6 - (-1480)/4.
373
Let y = 409 + -125. What are the prime factors of y?
2, 71
List the prime factors of (-2*1401/(-10))/((-43)/(-645)).
3, 467
Suppose 2*f + 102 = -22. Let x = 121 + f. What are the prime factors of x?
59
Suppose -3*p = -15 - 0, -a - 2*p = -3119. List the prime factors of a.
3109
Let u be (2/6)/(4/60). Suppose -315 = -u*f + z, -3*f + 189 = -z - 3*z. What are the prime factors of f?
3, 7
Let h = -1838 + 3267. What are the prime factors of h?
1429
Suppose -3*j = -2*z - 8 + 4, -4*z = 2*j - 24. Suppose -4*n + 16 - z = 0. Suppose 0*c = -n*c + 9. List the prime factors of c.
3
List the prime factors of ((-89)/(-3))/(3/72).
2, 89
Let i(v) be the first derivative of -v**4/4 - 2*v**3/3 - 7*v - 15. What are the prime factors of i(-5)?
2, 17
Suppose 4*n - 2 = -2*k + 8, 3*n + 3*k - 15 = 0. Suppose n = w - 9 - 11. What are the prime factors of w?
2, 5
What are the prime factors of (-28912)/(-56) + 14/(-49)?
2, 3, 43
Let i = 29 + -24. Suppose 2*l = -0*l + j + 157, 394 = i*l - j. What are the prime factors of l?
79
Suppose 18 = 5*x - 82. Suppose -x = -3*d - 2. List the prime factors of (4/d)/(2/15).
5
Suppose 15903 = 5*v - x, -7*x = 5*v - 5*x - 15909. List the prime factors of v.
3181
Let y = -934 + 2563. List the prime factors of y.
3, 181
What are the prime factors of ((-906)/(-15) - 2)/(1/25)?
2, 5, 73
Suppose 12 = -2*c + 164. Let v = c - 56. List the prime factors of v.
2, 5
Let s = 7 - 1. Suppose s*z = 4*z + 146. What are the prime factors of z?
73
Suppose j + 24*c - 23*c - 691 = 0, j - 675 = 3*c. What are the prime factors of j?
3, 229
Suppose -3*w - 2502 = -7*w + 2*v, w - 638 = 3*v. What are the prime factors of w?
7, 89
Let h = -229 + 791. List the prime factors of h.
2, 281
Let s = -21 + 21. Suppose -39 + 3 = -3*i - 2*a, s = -2*i - 4*a + 24. List the prime factors of ((-32)/5)/(i/(-30)).
2
Let g(x) = x**2 + 5*x - 5. Suppose 5 = -q - 2. Let b be g(q). Suppose 7*p + 48 = b*p. What are the prime factors of p?
2, 3
Let u(z) = 100*z + 5. List the prime factors of u(3).
5, 61
Let d(a) = a**3 + 3*a**2 - a - 4. Let i be d(-2). Suppose b - 90 = -3*k - 0*b, 4*b = -i*k + 70. List the prime factors of k.
29
Suppose -10941 = u - 22*u. List the prime factors of u.
521
Suppose -o = 4*s - 1747, 5*s + 293 - 2474 = -4*o. List the prime factors of s.
19, 23
Suppose -9*s - 40 = -14*s. Let t be 46/s - (-7)/28. What are the prime factors of 4/t*(-42)/(-4)?
7
Suppose -2*p = -0*p. Let j = -164 + 535. Suppose 0 = -5*m - p*a - 3*a + j, a - 73 = -m. List the prime factors of m.
2, 19
Suppose 4*i = -3*o + 18, -i - 4*o = -0*o - 11. Suppose -2*h = -2*d + i*d, 2*h + 2 = 0. List the prime factors of 0/(-2) + 6/d.
3
List the prime factors of 87/(-12)*-4*49 + 4.
3, 5, 19
Let c = 149 + -252. Let k = c + 184. What are the prime factors of k?
3
Let y(w) = -w**2 - 14*w + 9. Let x be -20 + 0 + 0/(-4). Let u be 3*x/(-24)*-4. What are the prime factors of y(u)?
7
Let w(v) = v**2 - 25*v + 3. List the prime factors of w(-8).
3, 89
Let p(a) = -a**3 + 3*a**2 + 6*a - 4. Let q be p(4). Suppose -x - q*x = -35. What are the prime factors of ((-8)/(-2))/(2/x)?
2, 7
Let u = -58 - -62. Let g(i) = 3*i**2 + 3*i + 2. List the prime factors of g(u).
2, 31
Suppose 0 = -5*u - 5*v + 25, -3*u - 2*u - v = -37. Let d(h) = -3*h**3 - 6 + 106*h**2 + 119*h**2 - 216*h**2 + 2*h**3 - 2. List the prime factors of d(u).
2, 7
Let t = 1286 - -1066. What are the prime factors of t?
2, 3, 7
Let s(l) = 8*l - 5. Let n(u) be the third derivative of -u**5/60 - 7*u**4/24 + u**3/3 - 2*u**2. Let q be n(-7). List the prime factors of s(q).
11
Let q(u) = -u**3 - 5*u**2 - 8*u - 24. Let a be q(-6). Let k = a + -55. List the prime factors of k.
5
Suppose 7*d - 10 = 11. Let z be d - (1 - 15/5). Suppose -z*x + 337 = -2*g, x - 65 = -0*x - 2*g. What are the prime factors of x?
67
Suppose 16*n - 17*n = 0. Suppose n = -u + 31 + 41. List the prime factors of u.
2, 3
Let k = -5 + 9. Suppose -k*q + 3*v = -741, -q + 2*v + 2*v = -182. What are the prime factors of q?
2, 3, 31
Let l(f) = -50*f + 3. Let k be l(-5). Let o = k + -165. Let j = o - 57. List the prime factors of j.
31
Suppose 15*t - 11475 = -2*t. What are the prime factors of t?
3, 5
Suppose -s + 63 = 4*t, s + 4*t - 8*t - 95 = 0. Let y = s + -70. List the prime factors of y.
3
Suppose 3*l - 5186 = 5*n, -2*l + 2700 = 3*n - 789. What are the prime factors of l?
3, 193
Let y(d) = -d**2 - 11*d - 6. Let x be y(-10). Suppose -x*l = 4*s - 176, 4*l + 0*s - 200 = 2*s. Suppose 2*t - l - 84 = 0. What are the prime factors of t?
2, 3, 11
Let b(k) = 3*k - k**2 + 0*k + 4*k - 4*k. Let c be b(3). Suppose c = -4*o + 19 + 1. What are the prime factors of o?
5
Let y(v) = 17*v + 4*v**3 - 3*v**3 + 18*v**2 + 0*v**3 + 5. Suppose -19*q = -25*q - 102. What are the prime factors of y(q)?
5
Let j be 3*3*(-2)/18. Let w(p) = 20*p**2 + 5*p + 5. Let m(u) = -39*u**2 - 9*u - 9. Let s(a) = -6*m(a) - 11*w(a). List the prime factors of s(j).
2, 7
Suppose -6*k = k - 1246. What are the prime factors of 0/2 - k/(-2)?
89
List the prime factors of -2*9/((-27)/2262).
2, 13, 29
Let l = 6241 - 2097. List the prime factors of 3*2/(-30) - l/(-20).
3, 23
Let t(m) = -79*m**3 - 7*m**2 - 15*m + 11. List the prime factors of t(-4).
5, 17, 59
Let v = 520 + -309. What are the prime factors of v?
211
Suppose 0 = 3*t + 4*t - 854. List the prime factors of t.
2, 61
Suppose -5*h - 5*m = -10*m - 4515, 5*h + 5*m = 4515. List the prime factors of h.
3, 7, 43
Let j be (-8)/(-6) - (-1615)/51. Let l = -28 + j. Suppose -l*x = -215 - 5. What are the prime factors of x?
2, 11
Suppose -124173 = -8*w - 55*w. What are the prime factors of w?
3, 73
List the prime factors of (-3)/12*1 - 16802/(-8).
2, 3, 5, 7
Suppose 2*o - 108 = -o. Suppose -3*v = -d + 145 + o, 4*d - 4*v = 732. What are the prime factors of d?
2, 23
Let d(z) = z**3 - 2*z**2 - 3*z + 2. Let g be d(3). Suppose 40 = c + 3*h - 25, -240 = -4*c - g*h. What are the prime factors of c?
59
Let s(q) = -q**3 + 4*q**2 - 10*q + 10. Let g be s(6). Let w = g + 258. List the prime factors of w.
2, 17
Suppose 8356 = -0*a + 4*a - 2*k, -4*k = -3*a + 6267. What are the prime factors of a?
2089
Let c be -1 + 1 + 1 - -2. Suppose -2 = c*n + 40. Let q(b) = b**2 + 11*b + 4. What are the prime factors of q(n)?
2, 23
Suppose 4 = -u + 5*l + 2, -4*u - 8 = 5*l. Let n be (5 - 2) + (u - 1). Suppose 0 = 2*y - n*y - 24. What are the prime factors of y?
2, 3
Let c be -1 + (-3 - 0 - -6). What are the prime factors of (c + 1)/((-8)/(-136))?
3, 17
Let g(a) = 2*a**3 - 22*a**2 + 25*a - 102. List the prime factors of g(15).
3, 691
Suppose 0 = -2*d + 10 + 22. Let n = 62 - d. What are the prime factors of n?
2, 23
Let w(x) = 405*x**2 + 17*x + 15. List the prime factors of w(-2).
1601
Let q(y) = 3*y**2 + 2*y - 2. Let c be q(-2). Suppose 4*p - 7 = -x, 4*p = c*p - 2. What are the prime factors of (x/(-2))/((-13)/130)?
3, 5
Let l(r) = 43*r**3 - 2*r**2 + 3*r - 2. What are the prime factors of l(1)?
2, 3, 7
Suppose -2*f - 7154 = -w - 1694, -2*f = 3*w - 16340. List the prime factors of w.
2, 5, 109
Let c be (-32)/12 - (-8)/(-6). Let x = c + -22. Let q = -10 - x. List the prime factors of q.
2
Suppose 0 = -8*a + 5278 + 1386. List the prime factors of a.
7, 17
Suppose 0 = 24*h - 33*h + 7551. What are the prime factors of h?
839
Let a = 13 + -8. Suppose 2*r + 22 = m, 2*m - a*r = -m + 70. List the prime factors of m.
2, 3, 5
Let o = 1727 - 578. What are the prime factors of o?
3, 383
Suppose o = -4*o + 30. Let a be 354/10 + o/10. List the prime factors of -104*(a/(-8) + 4).
2, 13
Let y(c) = 1001*c**3 + c**2 - 11*c + 9. List the prime factors of y(1).
2, 5
Suppose 2*w + 0*b - 3*b = 1097, -4*w = b - 2173. What are the prime factors of w?
2, 17
Let m be (-8)/(-20)*(-21 - -16). Suppose -2*g - 1 = 1. What are the prime factors of (g/3)/(m/402)?
67
Let c be (-174)/(-5)*130/39 - -3. Suppose i - c = 14. What are the prime factors of i?
7, 19
Let r(v) = -26 + 10*v + 7*v + v**2 - 6*v. What are the prime factors of r(-14)?
2
Let p(d) = -d**3 + 6*d**2 + 7*d + 14. Let a be p(7). Suppose x - 169 = -a. Suppose 0*s = 5*s - x. What are the prime factors of s?
31
Suppose -6*f = -0*f - 408. Suppose f = 2*n - 92. List the prime factors of n